*q + 1752. Determine u(13).
465
Let s(x) = -17*x + 70. Calculate s(4).
2
Let y(x) = x**2 - 381*x - 6. Calculate y(0).
-6
Let h(g) = g**2 - 12*g - 33. Calculate h(-7).
100
Let d(w) = -432*w**2 - 63*w + 64. Give d(1).
-431
Let a(q) = -72*q + 79. Determine a(1).
7
Let i(t) = -161*t - 527. Calculate i(-3).
-44
Let r(g) = -319*g - 8921. Determine r(-28).
11
Let u(w) = 1071*w + 1022. Give u(-1).
-49
Let z(r) = -4*r**2 - 671*r - 4332. Give z(-161).
15
Let b(k) = 31*k + 20. Determine b(3).
113
Let x(j) = -270*j + 4329. Give x(16).
9
Let b(r) = -19*r + 102. Calculate b(12).
-126
Let g(m) = -m**3 + 186*m**2 - 9*m + 1678. What is g(186)?
4
Let x(z) = 194*z + 1259. Determine x(-6).
95
Let u(b) = -b**2 + 61*b + 938. Calculate u(-13).
-24
Let u(z) = z**2 - 61*z - 34. Calculate u(63).
92
Let r(u) = -u**3 - 15*u**2 + 5*u + 16. Give r(-15).
-59
Let q(p) = 112*p + 407. What is q(-4)?
-41
Let c(b) = 8*b - 53. Determine c(17).
83
Let i(g) = -g**2 - 76*g - 230. What is i(-72)?
58
Let z(c) = -c**2 + 10*c - 53. Give z(9).
-44
Let y(l) = 781*l - 2352. What is y(3)?
-9
Let d(u) = -330*u + 384. Calculate d(1).
54
Let w(h) = 88*h**2 - 2904*h + 5. Give w(33).
5
Let z(u) = 7*u**2 + u + 20. Calculate z(4).
136
Let n(x) = 26*x + 880. Give n(-37).
-82
Let r(t) = t**3 - 6*t**2 - 559*t - 154. Give r(27).
62
Let o(v) = v**3 + 5*v**2 - 299*v - 1993. Calculate o(-7).
2
Let i(o) = o**3 + 6*o**2 + 9*o + 11. Calculate i(-5).
-9
Let w(g) = -28*g + 1064. Give w(38).
0
Let b(m) = -7*m**2 - 12*m - 7. Determine b(-9).
-466
Let y(r) = -3399*r + 47598. What is y(14)?
12
Let n(a) = 5*a**3 - 21*a**2 - 23*a + 10. Determine n(5).
-5
Let w(f) = 6*f**2 + 51*f. What is w(-9)?
27
Let p(a) = -198*a - 7140. Give p(-36).
-12
Let q(w) = -w**3 - 9*w**2 - 5*w - 45. Determine q(-9).
0
Let q(l) = 95*l + 666. What is q(-7)?
1
Let r(h) = -2*h**2 - 46*h - 167. Give r(-5).
13
Let y(k) = 47*k**2 + 9*k + 9. Determine y(-1).
47
Let g(q) = 219*q - 21420. Determine g(98).
42
Let y(j) = -11*j + 1. Determine y(-3).
34
Let p(o) = -o**3 + 10*o**2 + 5*o + 18. Calculate p(10).
68
Let p(g) = 3*g**2 + 55*g + 30. Calculate p(-7).
-208
Let o(n) = -2*n**2 + 104*n - 170. What is o(50)?
30
Let r(o) = -o**3 + 25*o**2 + 21*o + 131. What is r(26)?
1
Let t(n) = -115*n + 1789. What is t(16)?
-51
Let p(o) = 31*o - 92. Calculate p(3).
1
Let d(x) = -487*x**2 - 3411*x + 7. Calculate d(-7).
21
Let m(c) = 37*c + 530. Calculate m(-24).
-358
Let k(x) = 366*x - 8425. Determine k(23).
-7
Let f(q) = q**2 - 9*q - 135. What is f(0)?
-135
Let y(o) = o**3 - 162*o**2 - 1891*o + 138. Give y(-11).
6
Let p(x) = x**2 - 8*x - 10172. Determine p(105).
13
Let f(d) = 3*d**2 - 55*d + 197. What is f(5)?
-3
Let a(v) = -12*v**2 - 28*v - 6. What is a(-2)?
2
Let g(d) = 663*d + 1977. Calculate g(-3).
-12
Let b(d) = -d**3 + 7*d**2 + 54*d - 324. What is b(5)?
-4
Let o(n) = -5*n**2 - 67*n + 361. Calculate o(5).
-99
Let p(b) = b**3 + 26*b**2 - 192*b - 1. What is p(-32)?
-1
Let l(n) = 131*n - 359. Give l(3).
34
Let s(q) = -571*q + 144458. What is s(253)?
-5
Let c(i) = 2*i**2 + 221*i - 333. Determine c(-112).
3
Let a(l) = l**3 - 80*l**2 + 370*l + 381. What is a(75)?
6
Let u(x) = x**3 + 16*x**2 + 48*x + 2. Determine u(-4).
2
Let h(d) = -138*d - 10. What is h(0)?
-10
Let h(w) = -2*w**3 - 6*w**2 + 111*w + 12. Give h(0).
12
Let q(j) = -93*j + 245. Determine q(7).
-406
Let x(a) = -3*a**2 + 5*a + 167. What is x(-7)?
-15
Let o(q) = q**3 + 3*q**2 + 4*q - 19. What is o(-7)?
-243
Let z(r) = -r**3 + 7*r**2 - 16. Calculate z(5).
34
Let q(r) = -2*r**3 - 36*r**2 + 32*r - 238. Determine q(-19).
-124
Let s(w) = w**3 + 15*w**2 + 3*w + 10. Determine s(-15).
-35
Let o(y) = -47*y - 8. What is o(-1)?
39
Let o(r) = r**2 + 149*r + 2003. What is o(-15)?
-7
Let b(i) = 10*i**2 + 53*i + 55. Calculate b(-3).
-14
Let f(s) = 288*s - 20115. Give f(70).
45
Let g(l) = 259*l - 12136. Calculate g(47).
37
Let s(j) = -j**3 + 36*j**2 - 260*j + 3. Give s(26).
3
Let d(u) = 185*u**2 + 926*u - 2. Give d(-5).
-7
Let v(p) = 12*p - 308. Give v(24).
-20
Let w(s) = 3*s**3 - 17*s**2 - 20*s - 70. Determine w(7).
-14
Let c(l) = -291*l**2 - 7*l + 6. What is c(1)?
-292
Let s(x) = x**3 + 17*x**2 + 42*x + 37. What is s(-14)?
37
Let i(d) = d**3 - 17*d**2 + 75*d - 56. Determine i(11).
43
Let z(w) = -39*w + 4174. What is z(94)?
508
Let l(c) = 2*c**3 + 15*c**2 + 2*c - 97. Give l(-6).
-1
Let j(z) = -2*z**3 + 20*z**2 + 106*z - 1. Calculate j(-6).
515
Let p(b) = -b**3 + 30*b**2 + 65*b - 17. Calculate p(32).
15
Let p(c) = -2815*c + 2881. Calculate p(1).
66
Let s(a) = 6*a**2 - 304*a - 3339. Determine s(60).
21
Let f(x) = x**2 - 165*x - 1572. Give f(-9).
-6
Let s(q) = -q**3 + 19*q**2 + 214*q + 78. Determine s(27).
24
Let f(i) = -3*i**3 + 9*i**2 + 4*i - 127. Calculate f(7).
-687
Let z(p) = -p**2 - 58*p - 59. Determine z(-57).
-2
Let y(j) = 2*j**3 + 8*j**2 - 16*j + 46. Determine y(-6).
-2
Let p(c) = -148*c + 7242. Calculate p(49).
-10
Let i(r) = -121*r + 364. Calculate i(3).
1
Let f(m) = -8*m + 1000. Calculate f(124).
8
Let j(t) = -t**3 - 175*t**2 - 515*t + 162. Determine j(-172).
-10
Let d(l) = l**2 + l - 123. Determine d(0).
-123
Let k(a) = 79*a**2 + 16*a + 15. Determine k(-1).
78
Let w(o) = o**3 - 3*o**2 - 37*o - 3. Calculate w(-5).
-18
Let q(z) = -7*z - 282. Calculate q(-42).
12
Let q(d) = -d**3 + 18*d**2 - 2*d - 33. What is q(18)?
-69
Let v(z) = -53*z - 13412. Determine v(-253).
-3
Let i(s) = -4*s**2 - 251*s + 2733. What is i(-72)?
69
Let s(u) = -43*u + 27. Give s(1).
-16
Let l(i) = -8*i**2 - 5*i + 129. Give l(0).
129
Let y(q) = -q**3 + 9*q**2 + 10*q + 4. What is y(0)?
4
Let n(f) = -127*f + 264. Calculate n(2).
10
Let h(j) = 6*j - 41. Give h(12).
31
Let d(m) = 1275*m + 2552. Give d(-2).
2
Let l(b) = -b**3 - 77*b**2 - 152*b - 200. Calculate l(-75).
-50
Let p(b) = -b**3 - 43*b**2 - 334*b + 208. Determine p(-11).
10
Let s(f) = -1624*f - 11343. Calculate s(-7).
25
Let f(a) = -52*a - 138. Determine f(9).
-606
Let z(p) = 9*p**2 + 55*p + 58. What is z(-2)?
-16
Let v(o) = -5*o**2 - 482*o - 485. What is v(-1)?
-8
Let i(r) = 21*r + 166. Give i(-4).
82
Let p(u) = -2*u**2 - 28*u - 25. Calculate p(-23).
-439
Let a(j) = -266*j**2 - 2*j + 5. Calculate a(1).
-263
Let n(r) = -r**2 - 59*r + 13173. Calculate n(-148).
1
Let v(b) = -b**2 - 1686*b + 112000. Determine v(64).
0
Let t(k) = -k**3 + 80*k**2 + 241*k + 662. Give t(83).
-2
Let y(m) = m**3 - 13*m**2 - 110*m - 70. What is y(19)?
6
Let d(t) = -t**3 + 4*t**2 + 47*t + 903. Give d(13).
-7
Let q(z) = 2*z**3 - 95*z**2 - 49*z + 62. Calculate q(48).
14
Let i(f) = 31*f**2 - 424*f + 265. Give i(13).
-8
Let d(z) = -18*z**3 - z - 1. What is d(-2)?
145
Let w(o) = 13*o - 773. Determine w(17).
-552
Let x(j) = 81*j + 917. Determine x(-11).
26
Let g(z) = z**3 - 144*z**2 - 139*z - 854. Determine g(145).
16
Let v(y) = y**2 - 9*y - 237. What is v(-26)?
673
Let d(l) = -107*l + 1467. Calculate d(14).
-31
Let b(j) = -43*j + 2706. Calculate b(63).
-3
Let r(t) = 34*t + 151. Calculate r(-5).
-19
Let l(x) = -x**3 - 122*x**2 - 2125*x - 87. What is l(-21)?
-3
Let p(j) = -1286*j + 7721. What is p(6)?
5
Let d(u) = 8*u - 3. Give d(1).
5
Let y(f) = 3*f**2 + 63*f + 196. Determine y(-3).
34
Let h(n) = -n**3 - 3*n**2 + 91*n + 348. What is h(-4)?
0
Let i(d) = -90*d - 251. Give i(-2).
-71
Let s(t) = -t**3 + 81*t**2 - 82*t + 150. What is s(80)?
-10
Let f(l) = -l**2 + 478*l + 12047. Calculate f(-24).
-1
Let t(q) = 17*q**2 + q + 23. Calculate t(-4).
291
Let b(p) = -p**3 - 7*p**2 + 22*p - 18. Calculate b(-10).
62
Let w(u) = -81*u + 654. Determine w(8).
6
Let g(c) = -24*c**3 - 527*c**2 + 16*c - 61. Give g(-22).
71
Let q(o) = -3*o + 19. Determine q(6).
1
Let m(b) = b**3 + 10*b**2 + 26*b + 20. Give m(-5).
15
Let r(f) = -3*f**2 - 8. What is r(8)?
-200
Let t(o) = -5*o - 184. Give t(-35).
-9
Let z(h) = h**2 + 14*h - 64. Determine z(6).
56
Let c(k) = -12*k - 32. Give c(-5).
28
Let l(g) = -8*g**3 - 147*g**2 - 40*g + 78. Give l(-18).
-174
Let p(h) = -282*h + 30727. What is p(109)?
-11
Let q(o) = 128*o + 437. Give q(0).
437
Let x(p) = -65*p - 7047. Calculate x(-109).
38
Let v(s) = s**3 + 4*s**2 + 41*s + 72. Give v(-2).
-2
Let x(z) = 33*z**2 + 198*z + 13. Calculate x(-6).
13
Let o(f) = -31*f - 969. Determine o(-31).
-8
Let q(k) = -431*k + 4742. What is q(11)?
1
Let f(j) = -49*j + 76. What is f(0)?
76
Let h(j) = -222*j - 1115. Give h(-5).
-